{"id":99,"date":"2015-03-23T08:32:02","date_gmt":"2015-03-23T07:32:02","guid":{"rendered":"http:\/\/www.bocouno.cz\/?page_id=99"},"modified":"2022-12-12T13:08:06","modified_gmt":"2022-12-12T12:08:06","slug":"drevene-zahradni-stavby","status":"publish","type":"page","link":"https:\/\/www.bocouno.cz\/?page_id=99","title":{"rendered":"Zahradn\u00ed stavby"},"content":{"rendered":"<p><a href=\"https:\/\/www.bocouno.cz\/wp-content\/uploads\/2015\/03\/P8220089.jpg\"><img loading=\"lazy\" decoding=\"async\" class=\"alignleft wp-image-164 size-medium\" src=\"https:\/\/www.bocouno.cz\/wp-content\/uploads\/2015\/03\/P8220089-300x225.jpg\" alt=\"OLYMPUS DIGITAL CAMERA\" width=\"300\" height=\"225\" srcset=\"https:\/\/www.bocouno.cz\/wp-content\/uploads\/2015\/03\/P8220089-300x225.jpg 300w, https:\/\/www.bocouno.cz\/wp-content\/uploads\/2015\/03\/P8220089-150x113.jpg 150w, https:\/\/www.bocouno.cz\/wp-content\/uploads\/2015\/03\/P8220089-768x576.jpg 768w, https:\/\/www.bocouno.cz\/wp-content\/uploads\/2015\/03\/P8220089.jpg 800w\" sizes=\"auto, (max-width: 300px) 100vw, 300px\" \/><\/a><\/p>\n<p><a href=\"https:\/\/www.bocouno.cz\/wp-content\/uploads\/2015\/03\/P8220090.jpg\"><img loading=\"lazy\" decoding=\"async\" class=\"alignnone wp-image-165 size-medium\" src=\"https:\/\/www.bocouno.cz\/wp-content\/uploads\/2015\/03\/P8220090-225x300.jpg\" alt=\"OLYMPUS DIGITAL CAMERA\" width=\"225\" height=\"300\" \/><\/a><\/p>\n<ul>\n<li>pergoly, zahradn\u00ed sezen\u00ed, k\u016flni\u010dky a jin\u00e9 p\u0159\u00edst\u0159e\u0161ky\u00a0na m\u00edru<\/li>\n<li>masivn\u00ed d\u0159evo (smrk, dub, ak\u00e1t)<\/li>\n<li>v\u017edy origin\u00e1ln\u00ed vzhled dle po\u017eadavk\u016f objednatele s p\u0159ihl\u00e9dnut\u00edm k celkov\u00e9 podob\u011b domu a zahrady<\/li>\n<li>cena dohodou<\/li>\n<\/ul>\n","protected":false},"excerpt":{"rendered":"<p>pergoly, zahradn\u00ed sezen\u00ed, k\u016flni\u010dky a jin\u00e9 p\u0159\u00edst\u0159e\u0161ky\u00a0na m\u00edru masivn\u00ed d\u0159evo (smrk, dub, ak\u00e1t) v\u017edy origin\u00e1ln\u00ed vzhled dle po\u017eadavk\u016f objednatele s p\u0159ihl\u00e9dnut\u00edm k celkov\u00e9 podob\u011b domu a zahrady cena dohodou<\/p>\n","protected":false},"author":1,"featured_media":0,"parent":0,"menu_order":0,"comment_status":"closed","ping_status":"closed","template":"","meta":{"_bbp_topic_count":0,"_bbp_reply_count":0,"_bbp_total_topic_count":0,"_bbp_total_reply_count":0,"_bbp_voice_count":0,"_bbp_anonymous_reply_count":0,"_bbp_topic_count_hidden":0,"_bbp_reply_count_hidden":0,"_bbp_forum_subforum_count":0,"footnotes":""},"class_list":["post-99","page","type-page","status-publish","hentry"],"_links":{"self":[{"href":"https:\/\/www.bocouno.cz\/index.php?rest_route=\/wp\/v2\/pages\/99","targetHints":{"allow":["GET"]}}],"collection":[{"href":"https:\/\/www.bocouno.cz\/index.php?rest_route=\/wp\/v2\/pages"}],"about":[{"href":"https:\/\/www.bocouno.cz\/index.php?rest_route=\/wp\/v2\/types\/page"}],"author":[{"embeddable":true,"href":"https:\/\/www.bocouno.cz\/index.php?rest_route=\/wp\/v2\/users\/1"}],"replies":[{"embeddable":true,"href":"https:\/\/www.bocouno.cz\/index.php?rest_route=%2Fwp%2Fv2%2Fcomments&post=99"}],"version-history":[{"count":9,"href":"https:\/\/www.bocouno.cz\/index.php?rest_route=\/wp\/v2\/pages\/99\/revisions"}],"predecessor-version":[{"id":308,"href":"https:\/\/www.bocouno.cz\/index.php?rest_route=\/wp\/v2\/pages\/99\/revisions\/308"}],"wp:attachment":[{"href":"https:\/\/www.bocouno.cz\/index.php?rest_route=%2Fwp%2Fv2%2Fmedia&parent=99"}],"curies":[{"name":"wp","href":"https:\/\/api.w.org\/{rel}","templated":true}]}}